6 + -136. Let z be a/(-4) + 1428/12. What is the highest common factor of 18 and z?
6
Let h = 6336 - 6303. What is the highest common factor of h and 1012?
11
Suppose 78*l + 67500 = 114*l. What is the greatest common factor of l and 825?
75
Let z(l) be the first derivative of 155*l**2/2 - 295*l + 291. Let p be z(8). What is the greatest common factor of 35 and p?
35
Let a(c) = -2*c**2 + 41*c - 11. Let z be a(19). What is the highest common factor of 1035 and z?
23
Let b(y) = -46*y - 31. Let c be b(-1). Suppose c*g - 11*g = 100. Let o = -34 + 159. What is the highest common divisor of g and o?
25
Let c = 3364 + -3269. What is the greatest common divisor of 2565 and c?
95
Let b = 12887 + -9411. What is the highest common factor of b and 44?
44
Let w be 75/(-20) + 4 + (-223)/(-4). Suppose v + 0*n - 2*n = w, -v - 2*n = -40. Let s be ((-135)/30)/(6/(-8)). What is the greatest common factor of v and s?
6
Let p(b) = -b + 16. Let d be p(-19). Suppose d*f = 33*f + 48. What is the highest common divisor of 588 and f?
12
Suppose 0 = 21*u + u + u. Suppose 0*v - 13*v + 559 = u. Calculate the highest common factor of v and 129.
43
Let l be 2*265/(-20)*(-34 - -14). What is the greatest common factor of 7685 and l?
265
Let x be (-192)/(-128) - 65/(-2). Calculate the highest common factor of x and 5338.
34
Let u = -11905 - -11954. What is the greatest common factor of u and 1568?
49
Let o = -1908 - -2198. Calculate the greatest common factor of 260 and o.
10
Let v be (7/(21/(-48)))/(-2). Let d = -55 - -175. Calculate the highest common divisor of v and d.
8
Let u(f) = f**2 + 17*f + 86. Let q be u(-10). Let g(m) = m**3 - 16*m**2 + 3*m + 14. Let y be g(q). What is the highest common factor of 682 and y?
62
Let j(i) = -541*i + 828. Let q be j(1). Calculate the highest common divisor of 1271 and q.
41
Let n = 3521 + -3493. Calculate the greatest common divisor of 378 and n.
14
Let g = -2 + 3. Let n(x) = 35*x**2 - 2*x + 1. Let y be n(g). Let f = 3188 - 2950. What is the highest common factor of f and y?
34
Suppose -2*l - 6 - 12 = -4*r, 15 = -5*l. Let p(b) = b**2 - b + 4. Let t be p(r). Calculate the greatest common factor of t and 35.
5
Let s = 3065 + -1945. Calculate the highest common factor of s and 60.
20
Let n = -555 + 558. Suppose -5*v + 540 = -a, -n*v + 14*a = 9*a - 324. Calculate the highest common divisor of 144 and v.
36
Let m(i) = 23*i**2 + i + 36. Let h be m(-5). Let q = h + -368. Calculate the highest common divisor of 68 and q.
34
Let p be ((-2)/(-6))/((-3)/(-99)) - 1. Suppose -p*c - 39 = -11*c. What is the greatest common divisor of 234 and c?
39
Let y(w) = 2*w + 76. Suppose -2 + 12 = 3*o - 5*q, -4*q = -4*o + 24. Suppose 0 = -6*m + o*m + 76. Let a be y(m). What is the greatest common factor of a and 38?
38
Let l = 39800 - 39280. Calculate the highest common divisor of l and 3480.
40
Let g(l) = 6 + 15*l + 0*l + 8*l. Let p be g(3). Calculate the highest common divisor of p and 60.
15
Let o(a) = 2*a - 8. Let l be o(5). Suppose -l*p = -4*h - 26 - 14, 100 = 5*p - h. Calculate the greatest common factor of 15 and p.
5
Let f(w) = 15*w + 44. Let v be f(-4). Let i = v + 25. Suppose 5*c = -3*p + 189, -4*p = c - 35 - 217. Calculate the greatest common factor of i and p.
9
Let c be -294*9/(621/(-299)). Calculate the greatest common divisor of 442 and c.
26
Let g be (-15)/(-5)*(-87)/(-9). Suppose -g*i = -1127 - 758. What is the highest common divisor of 20 and i?
5
Suppose 13*t - 17*t + 104 = -4*a, 4*a - 6 = -t. Calculate the greatest common factor of 88 and t.
22
Suppose 38 = 5*h - 62. Let r = 36 - h. Suppose -c - r = -2*c. What is the highest common divisor of c and 80?
16
Let y(i) = -5*i - 87. Let x be y(5). Let w = x - -256. Calculate the greatest common divisor of 80 and w.
16
Let a be (10/(-4))/((-290)/(-20) - 15). Suppose -5*n + 86 = 4*x, -3*n + 61 = 3*x - n. Suppose -p + 44 = x. Calculate the highest common factor of p and a.
5
Suppose -30925 = -11*f + 54479. Calculate the highest common divisor of 12 and f.
12
Let r(n) = -2*n**3 + n**3 - 476*n**2 - 9*n + 470*n**2 - 36. Let c be r(-6). Calculate the highest common factor of 12 and c.
6
Suppose -746 = -2*k + 758. Suppose -152 - 286 = -48*a + 1818. What is the greatest common divisor of k and a?
47
Let m be (55/11 + -3 + 4)*6. What is the greatest common divisor of 3438 and m?
18
Let x = 53 + -51. Suppose -x*h = -h. Suppose h = -9*b + 3*b + 330. Calculate the highest common factor of b and 165.
55
Let g(t) = -34*t - 402. Let u be g(-13). Suppose -23*d = -u*d + 2295. Calculate the greatest common divisor of 180 and d.
45
Suppose -5*v = -d - 32, -v = 3*d + 48 + 112. Let b = d - -88. Suppose -b = l - 3*l. What is the highest common divisor of 9 and l?
9
Let f be 321/(-12) + (-3)/(-4). Let l be 10 + -8 + (-1 - -142). Let s be (-74)/f + 22/l. Calculate the greatest common factor of s and 9.
3
Let j(q) = -q**2 + 21*q - 75. Let k be j(16). Suppose -177 + 172 = -k*p. Calculate the greatest common divisor of 3 and p.
1
Let w = -204 - -189. Let z be -1 - w/12 - (-973)/28. What is the greatest common factor of 25 and z?
5
Suppose -2*b + 379 = -2*c - 211, 3*b = 4*c + 889. Let t = 315 - b. Suppose 16 = 3*s + i, 2*i = 2*s - i - 18. Calculate the greatest common divisor of s and t.
6
Let c be 21/(-504)*4 + 31/6. Calculate the highest common factor of 3055 and c.
5
Let h = 100 + -96. Let r be 16 + (8 - h/1). Calculate the greatest common factor of r and 35.
5
Let b(r) = 68*r + 103. Let t be b(-13). Let k be (-30601)/t + 2/(-11). Calculate the greatest common divisor of k and 130.
13
Suppose -q = -407 - 336. Let s = q + -383. What is the greatest common factor of s and 270?
90
Let q = 22 + 20. Suppose q = -5*z - 8. Let t = 16 + z. What is the greatest common factor of t and 18?
6
Suppose -60*m + 474 = -726. What is the highest common divisor of m and 272?
4
Let r = 33 + -33. Suppose -3*f - 2*f - 35 = r. Let c be (-2)/f - 138/(-7). What is the greatest common divisor of 8 and c?
4
Let c be (-3 - (-12)/(-3)) + (-192)/(-12). What is the greatest common divisor of 789 and c?
3
Let g(q) = q - 6*q - 2 + 3*q**2 + 30. Suppose 0 = h - k - 5, -4*h = 5*k - 30 + 10. Let o be g(h). What is the greatest common divisor of 13 and o?
13
Suppose 101*m = 103625 - 55030 + 59576. Calculate the greatest common factor of m and 68.
17
Let k be (-60)/(0 + -2) - 2. Suppose 5*c - 253 = 3*q, 273 = -149*c + 154*c + 2*q. Let r = c - k. Calculate the greatest common factor of 5 and r.
5
Let h(w) = -91*w + 1462. Let n be h(0). Calculate the greatest common divisor of 34 and n.
34
Let k(m) = 2625*m - 97. Let p be k(4). What is the greatest common factor of 101 and p?
101
Suppose -3*q + 10 = -20. Let i be 72/15*25/q. Calculate the highest common divisor of 4 and i.
4
Suppose 5*t - 40 = -2*b, 7*b + 5*t - 25 = 6*b. What is the highest common divisor of 8265 and b?
15
Suppose 0 = -2*y + 7*y - 270. Let i be (75 + -30)*(-21)/(-5). What is the highest common factor of i and y?
27
Let y = -149 + 171. What is the highest common divisor of y and 1331?
11
Let c = 35910 - 35745. Calculate the highest common factor of c and 10230.
165
Let m(x) = -25*x + 76*x - 7*x**2 - x**3 - 14 - 45*x. Let a be (2/(-4))/((-2)/(-32)). Let l be m(a). Calculate the greatest common divisor of l and 2.
2
Let g(z) = 2375*z - 2032. Let d be g(5). What is the highest common factor of d and 102?
51
Let h(p) = -p**3 + 5*p**2 - 2*p + 21. Let v be h(5). Suppose 3*m + 2*m = 70. Suppose 10*o - m*o + 220 = 0. What is the greatest common divisor of v and o?
11
Suppose 4*g = -4*r + 144, -22*r = -26*r - 5*g + 138. What is the greatest common factor of r and 714?
42
Let z be 80*(-52)/130*(-15)/12. Calculate the highest common divisor of 5260 and z.
20
Let v be 4285/10*-6 - -5. Let q be v/(-16) - 30/80. Let o be 2/9 + 1716/54. Calculate the highest common divisor of o and q.
32
Suppose -12 = -m - 2*m. Suppose -1 = m*c - 1. Suppose c - 8 = -p. Calculate the greatest common factor of 16 and p.
8
Suppose -12 = 4*y, -2*t - 37 = 2*y - 89. Let f(d) = -2*d + 154. Let s be f(t). What is the highest common factor of s and 6?
6
Let r = 90 + -80. Let h(j) be the second derivative of j**4/3 + 2*j**3/3 + 5*j**2 + 19*j. Let g be h(5). Calculate the greatest common divisor of g and r.
10
Suppose 0 = 2*c + 2*b - 38